{"id":224,"date":"2022-03-21T17:53:16","date_gmt":"2022-03-21T16:53:16","guid":{"rendered":"https:\/\/kozackaczytelnia.pl\/?page_id=224"},"modified":"2022-06-24T10:34:47","modified_gmt":"2022-06-24T08:34:47","slug":"o-mnie","status":"publish","type":"page","link":"https:\/\/kozackaczytelnia.pl\/index.php\/o-mnie\/","title":{"rendered":"O MNIE"},"content":{"rendered":"\n<p>Z zami\u0142owania do s\u0142owa pisanego powsta\u0142 blog, kt\u00f3ry jest dla mnie narz\u0119dziem do pracy nad swoim warsztatem pisarskim. Poza czytaniem lubi\u0119 sp\u0119dza\u0107 czas na sportowo oraz &#8211; dla r\u00f3wnowagi &#8211; na gotowaniu i pieczeniu, bo do s\u0142odyczy mam wyj\u0105tkow\u0105 s\u0142abo\u015b\u0107.<\/p>\n\n\n\n<p>Najch\u0119tniej si\u0119gam po dobr\u0105 literatur\u0119 faktu i reporta\u017ce, tak\u017ce biografie i beletrystyk\u0119. Lubi\u0119 r\u00f3wnie\u017c warto\u015bciowe poradniki, ksi\u0105\u017cki psychologiczne oraz trzymaj\u0105ce w napi\u0119ciu krymina\u0142y. Odk\u0105d zosta\u0142am cioci\u0105 z wi\u0119ksz\u0105 \u015bmia\u0142o\u015bci\u0105 si\u0119gam po literatur\u0119 dzieci\u0119c\u0105. Nie jestem oboj\u0119tna na pi\u0119knie wydane tytu\u0142y, zatem mimo posiadania czytnika ksi\u0105\u017cek, nie potrafi\u0119 w pe\u0142ni zrezygnowa\u0107 z wyda\u0144 papierowych. <\/p>\n","protected":false},"excerpt":{"rendered":"<p>Z zami\u0142owania do s\u0142owa pisanego powsta\u0142 blog, kt\u00f3ry jest dla mnie narz\u0119dziem do pracy nad swoim warsztatem pisarskim. Poza czytaniem lubi\u0119 sp\u0119dza\u0107 czas na sportowo oraz &#8211; dla r\u00f3wnowagi &#8211; na gotowaniu i pieczeniu, bo do s\u0142odyczy mam wyj\u0105tkow\u0105 s\u0142abo\u015b\u0107. Najch\u0119tniej si\u0119gam po dobr\u0105 literatur\u0119 faktu i reporta\u017ce, tak\u017ce biografie i beletrystyk\u0119. Lubi\u0119 r\u00f3wnie\u017c warto\u015bciowe&hellip;&nbsp;<a href=\"https:\/\/kozackaczytelnia.pl\/index.php\/o-mnie\/\" rel=\"bookmark\"><span class=\"screen-reader-text\">O MNIE<\/span><\/a><\/p>\n","protected":false},"author":1,"featured_media":0,"parent":0,"menu_order":0,"comment_status":"closed","ping_status":"closed","template":"","meta":{"_monsterinsights_skip_tracking":false,"_monsterinsights_sitenote_active":false,"_monsterinsights_sitenote_note":"","_monsterinsights_sitenote_category":0,"neve_meta_sidebar":"","neve_meta_container":"","neve_meta_enable_content_width":"","neve_meta_content_width":0,"neve_meta_title_alignment":"","neve_meta_author_avatar":"","neve_post_elements_order":"","neve_meta_disable_header":"","neve_meta_disable_footer":"","neve_meta_disable_title":"","footnotes":""},"class_list":["post-224","page","type-page","status-publish","hentry"],"_links":{"self":[{"href":"https:\/\/kozackaczytelnia.pl\/index.php\/wp-json\/wp\/v2\/pages\/224","targetHints":{"allow":["GET"]}}],"collection":[{"href":"https:\/\/kozackaczytelnia.pl\/index.php\/wp-json\/wp\/v2\/pages"}],"about":[{"href":"https:\/\/kozackaczytelnia.pl\/index.php\/wp-json\/wp\/v2\/types\/page"}],"author":[{"embeddable":true,"href":"https:\/\/kozackaczytelnia.pl\/index.php\/wp-json\/wp\/v2\/users\/1"}],"replies":[{"embeddable":true,"href":"https:\/\/kozackaczytelnia.pl\/index.php\/wp-json\/wp\/v2\/comments?post=224"}],"version-history":[{"count":5,"href":"https:\/\/kozackaczytelnia.pl\/index.php\/wp-json\/wp\/v2\/pages\/224\/revisions"}],"predecessor-version":[{"id":434,"href":"https:\/\/kozackaczytelnia.pl\/index.php\/wp-json\/wp\/v2\/pages\/224\/revisions\/434"}],"wp:attachment":[{"href":"https:\/\/kozackaczytelnia.pl\/index.php\/wp-json\/wp\/v2\/media?parent=224"}],"curies":[{"name":"wp","href":"https:\/\/api.w.org\/{rel}","templated":true}]}}